 w.
20
Let i = 212 - 211. Let o be (0 - 5/(-1))*1. Let a = 2 + o. Calculate the greatest common divisor of i and a.
1
Suppose -4 = -p, 13*i - 17*i - 2*p + 44 = 0. Suppose i*y - 481 = -256. Calculate the greatest common factor of 1 and y.
1
Suppose -33 = -w + 3*q, 2*w = 7*w - 4*q - 143. Let u = 1861 + -1849. Calculate the greatest common factor of w and u.
3
Suppose 0 = 7*c + 6 - 27. Suppose 0 = -2*g - z - 9 + 35, -39 = -c*g - 4*z. Calculate the highest common factor of g and 26.
13
Suppose 1 = 4*j - 5*m, 2*m = -4*j + 4*m + 10. Let d be -5 + (-396)/(-39) - j/26. Let g be 59 + d/(-20) + 26/8. What is the highest common factor of 155 and g?
31
Suppose -102*n = -2151 - 8457. What is the highest common divisor of n and 988?
52
Suppose 3*h - 218 = -5*p, 4*h - 308 = 17*p - 15*p. Calculate the greatest common factor of h and 133.
19
Let y = -77 + -10. Suppose 37316*g + 720 = 37324*g. Let j = g + y. Calculate the greatest common divisor of j and 2.
1
Let i(b) = 4*b**2 + 6*b - 365. Let k be i(-19). What is the highest common factor of 5 and k?
5
Let o be 156 + (-1 - -1*1). Let z be (-1 + 14/(-4))/((-1)/((-1952)/(-366))). Calculate the greatest common factor of z and o.
12
Suppose -4*n - 47 = -15. Let l be -1*n/20*30. Let a be (-334)/(-8) - (l/(-16))/3. Calculate the highest common factor of a and 28.
14
Suppose 2882 = -5*c + a, 3*a - 6*a = -4*c - 2310. Let s = 630 + c. What is the highest common divisor of 918 and s?
54
Suppose -4*v - 7*a = -6*a - 29, a = 5. Let w = 28 - v. What is the highest common factor of 8 and w?
2
Let h(j) = -16*j - 6. Let p(k) = -6 + 4 + 6 + k**2 - 3. Let y(f) = -h(f) + p(f). Let c be y(-17). Calculate the greatest common divisor of 96 and c.
24
Let w be ((-76)/8 + 5)/((-2)/(-4)). Let i be 355 - (w + (-3 - -10)). What is the highest common factor of i and 21?
21
Let s = -57 + 56. Let u be (-3 - (1 + 0))*1*s. Suppose 3*i = -2*f + 2*i + u, -4*f + 5*i - 6 = 0. What is the greatest common factor of f and 4?
1
Let r be (-3048)/(-127) - (1 - 17). What is the greatest common divisor of 4992 and r?
8
Suppose 46362 = 187*a - 3006. What is the highest common divisor of 2673 and a?
33
Let x(v) = 4*v**2 - 64*v - 174. Let b be x(19). Calculate the greatest common divisor of b and 1215.
27
Suppose 122*h - 335 = 117*h. Let t = h + -3. Calculate the highest common divisor of t and 8.
8
Let y(d) = -3*d**3 + 12*d**2 + 17*d. Let m be y(-10). Calculate the greatest common divisor of 130 and m.
130
Let l(v) = 267*v**2 - 8543*v + 1. Let j be l(32). What is the highest common factor of 48510 and j?
33
Let j be (-164)/4 + 1/1. Let g = 63 + j. Suppose 2*t + g - 63 = 0. Calculate the highest common divisor of 220 and t.
20
Let q = 128 - 120. Let s = 67 - 56. Suppose -4*z + s = -3*z - 3*n, -z = -4*n - q. Calculate the highest common divisor of 5 and z.
5
Let a = -4665 - -5107. Calculate the highest common divisor of 52 and a.
26
Suppose 10 + 142 = 19*y. What is the highest common divisor of y and 16?
8
Suppose 2*i + 5*i - 1323 = 0. Let j = i - 140. What is the greatest common factor of j and 7?
7
Let m(w) = 11*w**3 - 2*w**2 + w + 2. Suppose 4*z = -6*z + 20. Let h be m(z). Let f = -58 + h. Calculate the highest common divisor of f and 39.
13
Let s = 51 - 431. Let w = 441 + s. Calculate the greatest common divisor of 1159 and w.
61
Let x(w) = -w**2 - 11*w - 16. Let k be x(-7). Suppose 7*j = k*j - 1155. Calculate the highest common divisor of j and 21.
21
Let v(x) = 2*x**2 + x - 55. Let s(k) = -k**2 + 29*k - 63. Let c be s(27). Let b be v(c). Calculate the highest common divisor of 14 and b.
14
Suppose 0 = -5*l - 10, 5*l - 4 = -c + 4*l. Let w be (-4 - (-16)/c)*-42. Let s = -11 - -18. What is the highest common factor of s and w?
7
Let h(x) = -x**3 - 24*x**2 - 87*x - 67. Let z be h(-21). What is the highest common factor of z and 23?
23
Suppose -5*n + 16 + 114 = 0. Let u = -26 + n. Suppose m - 5*f - 38 = -2, -3*m - 3*f + 72 = u. Calculate the highest common factor of 39 and m.
13
Suppose -3*c + 115 = -131. What is the greatest common factor of c and 1107?
41
Suppose -85*h = 2*u - 80*h - 9013, -13502 = -3*u - 4*h. What is the highest common factor of u and 42?
42
Let x = -1852 + 2296. What is the greatest common divisor of x and 48?
12
Suppose -2 = 17*u - 18*u. Suppose u*t = 2*g + 16, 5*t = 6*t + g. Let i = 3 - 1. What is the greatest common factor of t and i?
2
Suppose -2*s - 35 = -89. Calculate the greatest common divisor of 171 and s.
9
Let l be ((-1242)/14 - (-9 + 12))*-203. Calculate the highest common divisor of 58 and l.
58
Suppose 21*a + 20*a - 9102 = 0. What is the highest common factor of 481 and a?
37
Let x be (-32)/160*(2 + (-3 - 8404)). Calculate the greatest common factor of 41 and x.
41
Let b(c) be the third derivative of c**4/8 - 7*c**3/2 - 4*c**2 - 11*c. Let t be b(9). What is the greatest common factor of t and 30?
6
Suppose 0 = 11*m + 422 - 2292. Let p = m + -154. Calculate the greatest common divisor of p and 144.
16
Suppose 0 = -12*v - 7*v - 152. Let b be 996 - (14/4 + (-4)/v). What is the greatest common factor of 62 and b?
62
Suppose 0 = -5*o - 4*h + 4, -32*o + 37*o - 3*h - 32 = 0. Suppose -2*v - 19 = -a - 2, 0 = -o*a + 3*v + 58. What is the highest common divisor of 65 and a?
13
Suppose 14*z + 165 = 13*z - r, -2*r - 825 = 5*z. Let q = 59 - z. What is the greatest common factor of q and 56?
56
Let i be (-61)/(-1) + (2 - -1) + -3. Let j be (-1)/((15/40)/(-5 - 178)). Calculate the greatest common divisor of j and i.
61
Let b(x) = x**2 - 38*x - 40. Let h be b(39). Let n be -4 + 4 + (-4 + 195 - h). Calculate the greatest common factor of n and 144.
48
Let m = 65 + -60. Suppose -u = 3*f - 864, -f - m*u = -u - 288. Let w be (-660)/(-21) - 8/(-14). Calculate the highest common factor of f and w.
32
Let d = 2413 + -1755. What is the highest common divisor of 42 and d?
14
Let c = 1757 + -1670. Calculate the highest common factor of c and 3103.
29
Let n = 89 - 8. Let m = -3699 + 3753. What is the greatest common divisor of n and m?
27
Let x(s) = -4*s**3 + 44*s**2 - 63*s - 145. Let r be x(-18). What is the highest common divisor of 17 and r?
17
Suppose 5*v + 2*y - 2130 - 4101 = 0, 0 = 4*v + 4*y - 4980. What is the greatest common divisor of 344 and v?
43
Suppose 24251*s - 24220*s = 6293. What is the greatest common factor of 1595 and s?
29
Let c(y) = 2*y**2 + 4*y - 14. Let w be c(-7). Suppose 12*f - 28 = w. Suppose -f - 24 = -i. What is the greatest common factor of 31 and i?
31
Let q = 22567 - 22521. Let v = -74 + 120. Calculate the greatest common divisor of q and v.
46
Let u(v) = v**3 + v**2 - 37. Let h be u(0). Let y = -23 + -27. Let t = h - y. What is the highest common factor of t and 117?
13
Let w be 4/(-40)*6 + (-4)/(60/(-4359)). Calculate the greatest common factor of w and 1015.
145
Let o = 32605 - 32411. Calculate the greatest common factor of o and 1067.
97
Let b = 329 - 265. Let i = -50 + b. What is the greatest common divisor of i and 406?
14
Let b = -314 - -316. Suppose -5*l - b*o + 1122 = 0, -562 = -3*l - o + 111. What is the greatest common factor of 14 and l?
14
Let h(c) = -c + 6. Let i(m) = -m**3 - 3*m**2 + 2. Suppose -7*l = 1 + 6. Let t be i(l). Let k be h(t). What is the highest common factor of 42 and k?
6
Let k(c) = -2*c + 2. Let f be k(-3). Suppose 318*m + 439*m - 25738 = 0. What is the highest common factor of m and f?
2
Let c be (290*1)/(1/(-6)*18/(-48)). What is the greatest common factor of 640 and c?
160
Let c = 769 - -72. Suppose 10*v = c + 369. Suppose -g = -5 - 6. Calculate the highest common divisor of g and v.
11
Suppose -110*h - 2647886 = 354*h - 8239086. Calculate the greatest common divisor of 50 and h.
50
Suppose -5*k = -v - 1614 - 537, 0 = -2*k - v + 859. Let a be ((-45)/(-6))/((-546)/(-1560) - 8/(-20)). Calculate the highest common factor of a and k.
10
Let p(z) = z**2 - 197*z + 2226. Let k be p(12). Suppose -5*u = -4*l - 704, -3*l = 4*u - 422 - 166. Calculate the greatest common factor of k and u.
6
Suppose 3*i - 70 = -23*d + 19*d, 0 = -i - 5*d + 27. What is the greatest common factor of i and 682?
22
Let l = -152 - -252. Let z = 9447 + -9407. What is the greatest common divisor of z and l?
20
Let f(k) = -2*k + 1. Let r(x) = x**3 - 11*x**2 - 15*x + 17. Let s(d) = 6*f(d) - r(d). Let y be s(11). What is t